75
What is the remainder when 94298 is divided by 324?
14
What is the remainder when 2288 is divided by 875?
538
What is the remainder when 336972 is divided by 23?
22
What is the remainder when 7971 is divided by 40?
11
Calculate the remainder when 1971 is divided by 401.
367
Calculate the remainder when 104008 is divided by 160.
8
Calculate the remainder when 29045 is divided by 1209.
29
Calculate the remainder when 5749 is divided by 25.
24
What is the remainder when 263 is divided by 37?
4
What is the remainder when 2982 is divided by 426?
0
Calculate the remainder when 2047 is divided by 499.
51
Calculate the remainder when 2929 is divided by 289.
39
What is the remainder when 103690 is divided by 20730?
40
Calculate the remainder when 6075 is divided by 76.
71
Calculate the remainder when 497646 is divided by 925.
921
Calculate the remainder when 9570 is divided by 45.
30
What is the remainder when 33345 is divided by 11114?
3
Calculate the remainder when 6678 is divided by 4357.
2321
Calculate the remainder when 6606 is divided by 1392.
1038
Calculate the remainder when 943 is divided by 343.
257
What is the remainder when 384176 is divided by 79?
78
Calculate the remainder when 495328 is divided by 330.
328
What is the remainder when 62832 is divided by 2325?
57
What is the remainder when 13080 is divided by 30?
0
Calculate the remainder when 27084 is divided by 630.
624
What is the remainder when 3012 is divided by 107?
16
What is the remainder when 7478 is divided by 24?
14
What is the remainder when 12214 is divided by 27?
10
What is the remainder when 247304 is divided by 1?
0
What is the remainder when 96 is divided by 44?
8
Calculate the remainder when 12466 is divided by 22.
14
Calculate the remainder when 22337 is divided by 150.
137
Calculate the remainder when 173666 is divided by 15.
11
What is the remainder when 1184014 is divided by 39?
13
Calculate the remainder when 4589 is divided by 106.
31
What is the remainder when 3042 is divided by 1739?
1303
What is the remainder when 49483 is divided by 22?
5
Calculate the remainder when 23169 is divided by 23148.
21
Calculate the remainder when 623585 is divided by 380.
5
Calculate the remainder when 290379 is divided by 13.
11
Calculate the remainder when 835684 is divided by 858.
850
What is the remainder when 55320 is divided by 16?
8
What is the remainder when 87047 is divided by 87017?
30
Calculate the remainder when 19140 is divided by 409.
326
What is the remainder when 1124948 is divided by 41?
31
Calculate the remainder when 637 is divided by 291.
55
What is the remainder when 74013 is divided by 72?
69
Calculate the remainder when 37073 is divided by 12338.
59
What is the remainder when 662 is divided by 83?
81
What is the remainder when 6802 is divided by 79?
8
What is the remainder when 3178 is divided by 3173?
5
Calculate the remainder when 626 is divided by 42.
38
Calculate the remainder when 323648 is divided by 16182.
8
What is the remainder when 10451 is divided by 498?
491
Calculate the remainder when 97944 is divided by 182.
28
Calculate the remainder when 6565 is divided by 169.
143
Calculate the remainder when 23901 is divided by 1315.
231
What is the remainder when 58991 is divided by 13?
10
Calculate the remainder when 83017 is divided by 303.
298
What is the remainder when 29216 is divided by 487?
483
Calculate the remainder when 779912 is divided by 10.
2
What is the remainder when 2444 is divided by 809?
17
What is the remainder when 32475 is divided by 812?
807
Calculate the remainder when 386 is divided by 189.
8
Calculate the remainder when 11297 is divided by 18.
11
Calculate the remainder when 208435 is divided by 23158.
13
Calculate the remainder when 157322 is divided by 531.
146
Calculate the remainder when 182245 is divided by 91112.
21
Calculate the remainder when 152136 is divided by 441.
432
What is the remainder when 59458 is divided by 253?
3
What is the remainder when 1731 is divided by 82?
9
Calculate the remainder when 4690 is divided by 4.
2
What is the remainder when 33062 is divided by 35?
22
What is the remainder when 3026 is divided by 190?
176
What is the remainder when 115998 is divided by 14499?
6
What is the remainder when 19497 is divided by 489?
426
Calculate the remainder when 39716 is divided by 231.
215
Calculate the remainder when 42435 is divided by 400.
35
What is the remainder when 49354 is divided by 2349?
25
What is the remainder when 122159 is divided by 34?
31
Calculate the remainder when 4908 is divided by 6.
0
Calculate the remainder when 21366 is divided by 412.
354
What is the remainder when 1906 is divided by 77?
58
What is the remainder when 53091 is divided by 237?
3
Calculate the remainder when 742 is divided by 104.
14
Calculate the remainder when 425204 is divided by 33.
32
What is the remainder when 148030 is divided by 248?
222
What is the remainder when 172 is divided by 10?
2
Calculate the remainder when 125104 is divided by 993.
979
What is the remainder when 2743069 is divided by 16?
13
What is the remainder when 75643 is divided by 1164?
1147
What is the remainder when 2715 is divided by 104?
11
Calculate the remainder when 135144 is divided by 85.
79
What is the remainder when 51938 is divided by 20?
18
What is the remainder when 13382 is divided by 1889?
159
What is the remainder when 8946 is divided by 758?
608
What is the remainder when 3715 is divided by 672?
355
What is the remainder when 66297 is divided by 102?
99
What is the remainder when 4932 is divided by 70?
32
Calculate the remainder when 266596 is divided by 124.
120
Calculate the remainder when 434168 is divided by 1513.
1450
What is the remainder when 1186 is divided by 17?
13
Calculate the remainder when 16795 is divided by 8348.
99
What is the remainder when 6293670 is divided by 77?
75
What is the remainder when 1777 is divided by 858?
61
Calculate the remainder when 19053 is divided by 185.
183
Calculate the remainder when 1877981 is divided by 9.
5
Calculate the remainder when 26836 is divided by 8939.
19
Calculate the remainder when 105996 is divided by 106.
102
Calculate the remainder when 91932 is divided by 9193.
2
Calculate the remainder when 14224 is divided by 3219.
1348
What is the remainder when 7575 is divided by 1511?
20
What is the remainder when 41484 is divided by 1802?
38
What is the remainder when 1304 is divided by 74?
46
Calculate the remainder when 26453 is divided by 74.
35
What is the remainder when 841976 is divided by 20?
16
Calculate the remainder when 3526 is divided by 823.
234
Calculate the remainder when 65546 is divided by 15.
11
What is the remainder when 65871 is divided by 823?
31
Calculate the remainder when 6015 is divided by 22.
9
Calculate the remainder when 50698 is divided by 5.
3
Calculate the remainder when 13114 is divided by 6548.
18
Calculate the remainder when 816733 is divided by 297.
280
What is the remainder when 177662 is divided by 163?
155
Calculate the remainder when 1503 is divided by 1445.
58
What is the remainder when 12369 is divided by 1045?
874
What is the remainder when 13153 is divided by 412?
381
Calculate the remainder when 3408 is divided by 153.
42
Calculate the remainder when 63594 is divided by 114.
96
Calculate the remainder when 4696 is divided by 260.
16
What is the remainder when 4313 is divided by 2143?
27
What is the remainder when 13978 is divided by 1163?
22
Calculate the remainder when 2306053 is divided by 4.
1
What is the remainder when 55063 is divided by 103?
61
What is the remainder when 3155539 is divided by 26?
23
Calculate the remainder when 22254 is divided by 428.
426
What is the remainder when 1715 is divided by 606?
503
Calculate the remainder when 2827 is divided by 1409.
9
What is the remainder when 466325 is divided by 71?
68
Calculate the remainder when 313913 is divided by 4421.
22
What is the remainder when 23429 is divided by 5768?
357
What is the remainder when 78083 is divided by 103?
9
Calculate the remainder when 5743 is divided by 66.
1
What is the remainder when 12051 is divided by 1196?
91
What is the remainder when 6759 is divided by 22?
5
Calculate the remainder when 706426 is divided by 211.
209
Calculate the remainder w